pose 3585 = 16*w + 321. What is the hundreds digit of w?
2
Let b(j) be the second derivative of j**5/20 + 5*j**4/6 + j**3 - 25*j**2/2 + j + 1. What is the tens digit of b(-8)?
5
Let g = -188 + 397. Suppose -162 = -2*b - 2*w, 2*b - 3*w = -47 + g. Suppose -t + b = -0. What is the units digit of t?
1
Let p = 35 - 33. What is the tens digit of 981/18 + 1/p?
5
Suppose 9*t = -8*t + 21012. What is the tens digit of t?
3
Let l(f) = -f**2 - 6*f + 2. Let b be l(12). Let h = b + 382. What is the hundreds digit of h?
1
Let f = -149 + 91. Let b be 6/(-21) + 528/(-14). Let n = b - f. What is the units digit of n?
0
What is the units digit of (-2)/(0 - 12) + 24684/72?
3
Let m = 421 - 339. What is the units digit of m?
2
Let z(g) = g + 16. Let l be z(-14). Let d(w) = 3*w**2 - 5*w + 8*w**2 - l*w**2 + 6 - w**3. What is the tens digit of d(8)?
3
Let w(s) = s**2 + 8*s. Let t be w(-7). Let k = 12 + 10. Let x = t + k. What is the units digit of x?
5
Suppose 489 = -5*b + 2574. What is the tens digit of b?
1
Let j(v) = 6*v - 3*v - 10*v - 5*v - 13. What is the tens digit of j(-6)?
5
Let y(n) = -n**2 - 3*n + 4. Let i be y(6). Let f = i + 70. What is the units digit of f?
0
Suppose 2*h = -3*h + 155. What is the tens digit of (-3 - h)*2/(-4)?
1
Let x = -963 - -1363. What is the hundreds digit of x?
4
Let l = -33 + 69. Suppose t + l - 8 = s, 28 = s + 5*t. What is the tens digit of s?
2
Let s be (1 + (-2)/4)*4. Suppose -4*b + s*k + 58 = -12, 0 = k + 1. Let m = b - 10. What is the units digit of m?
7
Let z be ((-30)/9)/(-1*(-10)/15). Let a(r) = 2*r - 2*r**2 - 5 + 3*r**2 - 2. What is the units digit of a(z)?
8
Let o = 15 - 28. Let y = 47 + o. What is the units digit of y?
4
Suppose -5*w - 2*h = -122, w - 3 = 4*h + 17. What is the tens digit of (6*w/42)/((-1)/(-7))?
2
Let i(y) = y**2 - y - 13. Let s(x) = x. Let z be s(-7). Let k be i(z). Let l = 67 - k. What is the tens digit of l?
2
Let t = 228 + -137. Let w = t + -44. What is the units digit of w?
7
Suppose 30*w - 45507 = 73383. What is the hundreds digit of w?
9
Suppose -2283 = -4*m - 115. Suppose 4*i - m = -26. What is the units digit of i?
9
Let z be (9/(-18))/(2/(-40)). Suppose 0 = -4*l, 4*b = -l + 58 + z. What is the units digit of b?
7
Suppose 2*y = r - 15, -4*r - 21 = y - 0. What is the units digit of (-25 + 0)/(3/y)?
5
What is the units digit of 4472/2 + 0/(-28)?
6
What is the hundreds digit of 13/4*-4*-111?
4
Let o = 1541 + -825. What is the hundreds digit of o?
7
Let a(n) = -n - 7 - 10*n**2 + 11*n**2 + 40*n**2. What is the units digit of a(-2)?
9
Let o be (-12)/9*(-3)/(-2). Let a be o - (42 + 2 + -1). What is the tens digit of (a/1)/(9 - 10)?
4
Let i be -4*1 + (15 - 6). Suppose x + 24 = i*x. What is the units digit of x?
6
Let v = 31 - 19. Suppose -4*x = -4*k - 1 - 15, -3*x - v = 0. Let i(b) = b**3 + 7*b**2 - 10*b + 10. What is the tens digit of i(k)?
2
Let s(k) = k**2. Let q = 24 - 19. Suppose -2 = q*t - 2*l, 1 = 3*t - l + 3. What is the units digit of s(t)?
4
Let u(f) be the first derivative of 3*f**2/2 + f + 19. What is the tens digit of u(5)?
1
Suppose 5*a - 7 = -3*h + h, 3*h - 6 = -3*a. Suppose 11 = -3*s - a. Let c = 11 + s. What is the units digit of c?
7
Let k(i) = -5*i**2 - 6*i - 46. Let v(m) = m**2 + m. Let u(z) = -k(z) - 4*v(z). What is the units digit of u(-8)?
4
Let o be (3 - 4)/((-1)/(-1*2)). What is the units digit of (o/(-4))/(-5 - (-555)/110)?
1
Let k(b) = 6*b - 1. Let d = -8 - -18. Suppose 2*t - 5*m + 4 = -d, 5*t + m - 19 = 0. What is the units digit of k(t)?
7
Let u(l) = l**3 + 13*l**2 + 9. Let j be u(-13). Let x(s) = 9*s - 13. What is the units digit of x(j)?
8
Let j(m) = -m**3 + 8*m**2 - 5*m + 13. Let a be j(7). Let g = a + -13. What is the tens digit of g?
1
Let c = 2940 - 1584. What is the tens digit of c?
5
Let i(c) = 40*c**2 + 8*c + 154. What is the hundreds digit of i(-7)?
0
Let h = -41 + 906. What is the units digit of h?
5
Suppose 0 = 5*l - 2*r - 2*r - 45, -4*l - 3*r + 67 = 0. Suppose -6 = 2*q, -3*q - l = -w + 8. Suppose -2*i - w + 36 = 0. What is the tens digit of i?
1
Let r be (-42)/(-15)*2 + 4/10. Suppose -2*l + r*l = 136. What is the tens digit of l?
3
Let p(r) = 4*r**2 + 134*r + 129. What is the units digit of p(-38)?
3
Suppose 8255 = 12*u + u. What is the tens digit of u?
3
Let j(a) = 8*a + 15. Let c be j(0). Let m(z) = -2*z**2 + 42*z + 11. What is the units digit of m(c)?
1
Let u(k) = k**3 + 24*k**2 - 27*k - 18. Let y be u(-25). What is the units digit of 592/y + 1/(-2)?
8
Suppose w = -5*o + 572, -3*o + 1172 = 17*w - 15*w. What is the hundreds digit of w?
5
Let f be 1 - (-3 + (-8)/(-4)). Suppose 5*c + 134 = -0*l + f*l, -c + 2*l = 22. Let r = -17 - c. What is the units digit of r?
1
Let a(u) = 9*u**2 - 24*u + 78. What is the hundreds digit of a(11)?
9
Suppose -3*q = -0*q + 75. Let r be (6/(-5))/(10/q). Let f(c) = -c**3 + 4*c**2 + 2*c + 4. What is the tens digit of f(r)?
1
Let v = 7319 + -4385. What is the hundreds digit of v?
9
Suppose 0 = -4*d - 20, 0 = -4*i - 2*d + 4*d - 2. What is the tens digit of -30*i/5*1?
1
Let w be 4/5 - 492/(-60). Let l = 14 - w. Suppose 0 = l*j - 127 - 228. What is the tens digit of j?
7
What is the hundreds digit of (-13)/(130/(-39360)) - 10?
9
Let z(g) = -27*g**3 + 5*g**2 + 5*g. What is the tens digit of z(-1)?
2
Let z(p) = -p**3 + 16*p**2 + 17*p - 2. Let u be z(17). Let d = -4 - u. What is the tens digit of 3/(-5 - d) - -11?
1
Let k = 10009 - 5827. What is the thousands digit of k?
4
Let u = 133 - 126. Suppose -5*g = u*g - 1260. What is the units digit of g?
5
Let y(x) = 7*x**3 + 14 - 9*x**2 + 5*x**2 - 5*x**2 + 22*x - 9*x**3. What is the hundreds digit of y(-8)?
2
Suppose d - f - 959 = 0, 3*d + d - 3840 = 3*f. What is the tens digit of d?
6
Suppose -2*j = 3*z, -4*j = j - 3*z. Let d be (2 + -1)*(19 - 1). Suppose -d = -j*o - o. What is the tens digit of o?
1
Suppose -3*b - w - 139 = -1758, 2*b - 1068 = 5*w. What is the hundreds digit of b?
5
Suppose -2*y = 5*c - 1560, -3*c = 2*y - y - 781. Suppose 9*j + 154 = y. What is the units digit of j?
9
Let i(q) = 9*q + 7. Let l be i(0). What is the units digit of l*9 - 0/(-14)?
3
Let f(k) = 471*k - 386. What is the hundreds digit of f(5)?
9
Let f = 1838 + -1042. What is the tens digit of f?
9
Let f be 214/8 + 10/40. Let l = 101 - f. What is the tens digit of l?
7
Suppose -z = -4*i + 3, -2*i - 14 = -3*z - 3. Suppose r + 64 = -2*o, -3*r + 93 = 2*o + 265. What is the units digit of 1/(-3*i/r)?
9
Suppose 5*o + 49 = 2*a + 530, 10 = 5*a. What is the tens digit of o?
9
Let c(d) = -d**2 - 20*d - 24. What is the units digit of c(-10)?
6
Let z(v) = -35*v - 94. What is the tens digit of z(-5)?
8
Suppose 64 = -4*z - 0*z. Let k = -8 - z. Suppose 5*q + 174 = k*q. What is the units digit of q?
8
Let j be 9/(-3) - 4/2. Let d = 2 - j. Suppose 2*g = 5*h + d*g - 180, 3*h + 2*g - 112 = 0. What is the units digit of h?
0
Let n(b) = -3*b**3 - 6*b**2 - 14*b + 10. What is the tens digit of n(-5)?
0
Let t be 26767/145 + (-4)/(-10). Let c = 265 - t. What is the tens digit of c?
8
Suppose 0 = -84*f + 67*f + 31586. What is the hundreds digit of f?
8
What is the hundreds digit of 0 - 7 - (-59 - 1301)?
3
Let h be (1/(3 - 1))/(23/552). Suppose -7*p + h = -11*p, 0 = 3*q - 5*p - 705. What is the hundreds digit of q?
2
Let d(t) = -12*t - 25. What is the units digit of d(-14)?
3
What is the units digit of 1/(5/(-245))*-3?
7
Let n(x) = -x**3 + 0*x**3 - 2 + 0 - 2*x - x**2. Suppose -45 = 14*v + v. What is the tens digit of n(v)?
2
Let a be (-2908)/(-24) - (-1 + 14/12). Let s = -20 + a. What is the tens digit of s?
0
Let k be -4*(-4 - (1 - 4)). Suppose 3*s + 7 = -4*t, 2*s - k*t - 3 = 19. Suppose 4*m - 4*a - 140 = 0, 4*m - 2*a - 155 = -s*a. What is the tens digit of m?
3
Let d(x) = -7*x**3 + 6*x**2 - 3*x - 25. What is the hundreds digit of d(-6)?
7
Let j(p) be the first derivative of p**2 + p + 3. Let u be j(1). Suppose u*d + 0*d = 27. What is the units digit of d?
9
Let s(q) = -19*q + 84. What is the hundreds digit of s(-5)?
1
Let l = -181 + 743. Suppose 186 = -2*v + l. What is the hundreds digit of v?
1
Let j(u) = u**3 + 11*u**2 + 2*u + 17. Let f be j(-11). Let y(p) = -p**3 - 3*p**2 - 2*p - 1. What is the tens digit of y(f)?
5
Let p = 768 - 425. What is the tens digit of p?
4
Let j(d) = -27*d - 617. What is the hundreds digit of j(-65)?
1
Let z 